{"id":32,"date":"2022-09-14T16:33:24","date_gmt":"2022-09-14T14:33:24","guid":{"rendered":"https:\/\/aceoptions.no\/?page_id=32"},"modified":"2022-11-11T12:05:57","modified_gmt":"2022-11-11T11:05:57","slug":"hovedside","status":"publish","type":"page","link":"https:\/\/aceoptions.no\/","title":{"rendered":"Hovedside"},"content":{"rendered":"\n<div style=\"height:44px\" aria-hidden=\"true\" class=\"wp-block-spacer\"><\/div>\n\n\n\n<h1 class=\"has-text-align-left wp-block-heading\">Taking care of connections<\/h1>\n\n\n\n<p class=\"has-text-align-left\">Siden oppstarten har Ace Options levert hundre tusenvis av SFPer over 10 \u00e5r og s\u00e5 langt har vi hatt en feilrate p\u00e5 mindre enn 0,005%. Vi garanterer at v\u00e5rt materiell fungerer smertefritt i ditt nettverk og tilbyr 5 \u00e5rs garanti p\u00e5 materiell levert av oss. Vilk\u00e5r for garantien m\u00e5 etterf\u00f8lges.<\/p>\n","protected":false},"excerpt":{"rendered":"<p>Taking care of connections Siden oppstarten har Ace Options levert hundre tusenvis av SFPer over 10 \u00e5r og s\u00e5 langt har vi hatt en feilrate p\u00e5 mindre enn 0,005%. Vi garanterer at v\u00e5rt materiell fungerer smertefritt i ditt nettverk og tilbyr 5 \u00e5rs garanti p\u00e5 materiell levert av oss. Vilk\u00e5r for garantien m\u00e5 etterf\u00f8lges.<\/p>\n","protected":false},"author":2,"featured_media":88,"parent":0,"menu_order":0,"comment_status":"closed","ping_status":"closed","template":"template-onepager.php","meta":{"footnotes":""},"class_list":["post-32","page","type-page","status-publish","has-post-thumbnail","hentry"],"acf":[],"_links":{"self":[{"href":"https:\/\/aceoptions.no\/index.php\/wp-json\/wp\/v2\/pages\/32","targetHints":{"allow":["GET"]}}],"collection":[{"href":"https:\/\/aceoptions.no\/index.php\/wp-json\/wp\/v2\/pages"}],"about":[{"href":"https:\/\/aceoptions.no\/index.php\/wp-json\/wp\/v2\/types\/page"}],"author":[{"embeddable":true,"href":"https:\/\/aceoptions.no\/index.php\/wp-json\/wp\/v2\/users\/2"}],"replies":[{"embeddable":true,"href":"https:\/\/aceoptions.no\/index.php\/wp-json\/wp\/v2\/comments?post=32"}],"version-history":[{"count":13,"href":"https:\/\/aceoptions.no\/index.php\/wp-json\/wp\/v2\/pages\/32\/revisions"}],"predecessor-version":[{"id":92,"href":"https:\/\/aceoptions.no\/index.php\/wp-json\/wp\/v2\/pages\/32\/revisions\/92"}],"wp:featuredmedia":[{"embeddable":true,"href":"https:\/\/aceoptions.no\/index.php\/wp-json\/wp\/v2\/media\/88"}],"wp:attachment":[{"href":"https:\/\/aceoptions.no\/index.php\/wp-json\/wp\/v2\/media?parent=32"}],"curies":[{"name":"wp","href":"https:\/\/api.w.org\/{rel}","templated":true}]}}